{"id":9772,"date":"2022-11-29T12:27:09","date_gmt":"2022-11-29T11:27:09","guid":{"rendered":"https:\/\/csc-grande-bastide.com\/?page_id=9772"},"modified":"2022-11-29T12:30:07","modified_gmt":"2022-11-29T11:30:07","slug":"mouvement-du-30-novembre-2022","status":"publish","type":"page","link":"https:\/\/csc-grande-bastide.com\/index.php\/mouvement-du-30-novembre-2022\/","title":{"rendered":"MOUVEMENT DU 30 NOVEMBRE 2022"},"content":{"rendered":"<div class=\"wp-block-image\">\n<figure class=\"aligncenter size-large\"><img fetchpriority=\"high\" decoding=\"async\" width=\"724\" height=\"1024\" src=\"https:\/\/csc-grande-bastide.com\/wp-content\/uploads\/2022\/11\/MOUVEMENT-GREVE-30-NOV-724x1024.jpg\" alt=\"\" class=\"wp-image-9773\" srcset=\"https:\/\/csc-grande-bastide.com\/wp-content\/uploads\/2022\/11\/MOUVEMENT-GREVE-30-NOV-724x1024.jpg 724w, https:\/\/csc-grande-bastide.com\/wp-content\/uploads\/2022\/11\/MOUVEMENT-GREVE-30-NOV-212x300.jpg 212w, https:\/\/csc-grande-bastide.com\/wp-content\/uploads\/2022\/11\/MOUVEMENT-GREVE-30-NOV-768x1086.jpg 768w, https:\/\/csc-grande-bastide.com\/wp-content\/uploads\/2022\/11\/MOUVEMENT-GREVE-30-NOV-1086x1536.jpg 1086w, https:\/\/csc-grande-bastide.com\/wp-content\/uploads\/2022\/11\/MOUVEMENT-GREVE-30-NOV-600x849.jpg 600w, https:\/\/csc-grande-bastide.com\/wp-content\/uploads\/2022\/11\/MOUVEMENT-GREVE-30-NOV.jpg 1414w\" sizes=\"(max-width: 724px) 100vw, 724px\" \/><\/figure>\n<\/div>\n\n\n<p><mark style=\"background-color:rgba(0, 0, 0, 0)\" class=\"has-inline-color has-black-color\">La prochaine convention cadre d\u00e9finissant les enjeux et les moyens des centres sociaux du d\u00e9partement pour les ann\u00e9es 2023-2027 est en cours de n\u00e9gociation en comit\u00e9 restreint,<\/mark><\/p>\n\n\n\n<p><mark style=\"background-color:rgba(0, 0, 0, 0)\" class=\"has-inline-color has-black-color\"><strong>SANS NOUS, les principaux concern\u00e9s<\/strong><\/mark><\/p>\n\n\n\n<p><mark style=\"background-color:rgba(0, 0, 0, 0)\" class=\"has-inline-color has-vivid-red-color\"><strong>Les propositions qui sont pr\u00e9sent\u00e9es sont loin de r\u00e9pondre aux besoins r\u00e9els.<br>Votre soutien serait un atout dans notre mobilisation pour obtenir le maintien de nos projets actuels et \u00e0 venir, car sans valorisation de nos subventions nous serions oblig\u00e9s de fermer des services.<\/strong><\/mark><\/p>\n\n\n\n<h2 class=\"wp-block-heading\"><mark style=\"background-color:rgba(0, 0, 0, 0)\" class=\"has-inline-color has-black-color\">NOS DEMANDES<\/mark><\/h2>\n\n\n\n<p><mark style=\"background-color:rgba(0, 0, 0, 0)\" class=\"has-inline-color has-black-color\">\u2666 Des subventions de fonctionnement revaloris\u00e9es tenant compte de l&rsquo;inflation<br>\u2666 Le financement des postes cl\u00e9s pour les secteurs famille et jeunesse<\/mark><\/p>\n\n\n\n<h2 class=\"wp-block-heading\"><mark style=\"background-color:rgba(0, 0, 0, 0)\" class=\"has-inline-color has-black-color\">NOS MOTIVATIONS<\/mark><\/h2>\n\n\n\n<p><mark style=\"background-color:rgba(0, 0, 0, 0)\" class=\"has-inline-color has-black-color\">\u2666 Vous accueillir dignement et mener \u00e0 bien des projets avec les familles, les enfants, les jeunes, les s\u00e9niors<br>\u2666 Remplir nos missions dans le respect des fondatrices ; solidarit\u00e9, dignit\u00e9 humaine<br>\u2666 Eviter, dans un contexte d\u00e9j\u00e0 tendu et incertain, la fermeture de Centres Sociaux et des licenciements de salari\u00e9-es<\/mark><\/p>\n\n\n\n<p><mark style=\"background-color:rgba(0, 0, 0, 0)\" class=\"has-inline-color has-black-color\">Rejoignez-nous \u00e0 la manifestation du : <\/mark><\/p>\n\n\n\n<h3 class=\"wp-block-heading\"><mark style=\"background-color:rgba(0, 0, 0, 0)\" class=\"has-inline-color has-vivid-red-color\"><strong>JEUDI 1er D\u00c9CEMBRE 2022<\/strong><\/mark><\/h3>\n\n\n\n<p><mark style=\"background-color:rgba(0, 0, 0, 0)\" class=\"has-inline-color has-black-color\">A 09h00<br>RENDEZ-VOUS : Ombri\u00e8re du Vieux Port<\/mark><\/p>\n","protected":false},"excerpt":{"rendered":"<p>La prochaine convention cadre d\u00e9finissant les enjeux et les moyens des centres sociaux du d\u00e9partement pour les ann\u00e9es 2023-2027 est en cours de n\u00e9gociation en comit\u00e9 restreint, SANS NOUS, les principaux concern\u00e9s Les propositions qui sont pr\u00e9sent\u00e9es sont loin de r\u00e9pondre aux besoins r\u00e9els.Votre soutien serait un atout dans notre mobilisation pour obtenir le maintien [&hellip;]<\/p>\n","protected":false},"author":9,"featured_media":9775,"parent":0,"menu_order":0,"comment_status":"closed","ping_status":"closed","template":"","meta":{"footnotes":""},"class_list":["post-9772","page","type-page","status-publish","has-post-thumbnail","hentry"],"yoast_head":"<!-- This site is optimized with the Yoast SEO plugin v27.4 - https:\/\/yoast.com\/product\/yoast-seo-wordpress\/ -->\n<title>MOUVEMENT DU 30 NOVEMBRE 2022 - &quot;La Grande Bastide&quot;<\/title>\n<meta name=\"robots\" content=\"index, follow, max-snippet:-1, max-image-preview:large, max-video-preview:-1\" \/>\n<link rel=\"canonical\" href=\"https:\/\/csc-grande-bastide.com\/index.php\/mouvement-du-30-novembre-2022\/\" \/>\n<meta property=\"og:locale\" content=\"fr_FR\" \/>\n<meta property=\"og:type\" content=\"article\" \/>\n<meta property=\"og:title\" content=\"MOUVEMENT DU 30 NOVEMBRE 2022 - &quot;La Grande Bastide&quot;\" \/>\n<meta property=\"og:description\" content=\"La prochaine convention cadre d\u00e9finissant les enjeux et les moyens des centres sociaux du d\u00e9partement pour les ann\u00e9es 2023-2027 est en cours de n\u00e9gociation en comit\u00e9 restreint, SANS NOUS, les principaux concern\u00e9s Les propositions qui sont pr\u00e9sent\u00e9es sont loin de r\u00e9pondre aux besoins r\u00e9els.Votre soutien serait un atout dans notre mobilisation pour obtenir le maintien [&hellip;]\" \/>\n<meta property=\"og:url\" content=\"https:\/\/csc-grande-bastide.com\/index.php\/mouvement-du-30-novembre-2022\/\" \/>\n<meta property=\"og:site_name\" content=\"&quot;La Grande Bastide&quot;\" \/>\n<meta property=\"article:modified_time\" content=\"2022-11-29T11:30:07+00:00\" \/>\n<meta property=\"og:image\" content=\"https:\/\/csc-grande-bastide.com\/wp-content\/uploads\/2022\/11\/IMAGES-MISES-EN-AVANT-SITE-15.png\" \/>\n\t<meta property=\"og:image:width\" content=\"2000\" \/>\n\t<meta property=\"og:image:height\" content=\"952\" \/>\n\t<meta property=\"og:image:type\" content=\"image\/png\" \/>\n<meta name=\"twitter:card\" content=\"summary_large_image\" \/>\n<meta name=\"twitter:label1\" content=\"Dur\u00e9e de lecture estim\u00e9e\" \/>\n\t<meta name=\"twitter:data1\" content=\"2 minutes\" \/>\n<script type=\"application\/ld+json\" class=\"yoast-schema-graph\">{\"@context\":\"https:\\\/\\\/schema.org\",\"@graph\":[{\"@type\":\"WebPage\",\"@id\":\"https:\\\/\\\/csc-grande-bastide.com\\\/index.php\\\/mouvement-du-30-novembre-2022\\\/\",\"url\":\"https:\\\/\\\/csc-grande-bastide.com\\\/index.php\\\/mouvement-du-30-novembre-2022\\\/\",\"name\":\"MOUVEMENT DU 30 NOVEMBRE 2022 - &quot;La Grande Bastide&quot;\",\"isPartOf\":{\"@id\":\"https:\\\/\\\/csc-grande-bastide.com\\\/#website\"},\"primaryImageOfPage\":{\"@id\":\"https:\\\/\\\/csc-grande-bastide.com\\\/index.php\\\/mouvement-du-30-novembre-2022\\\/#primaryimage\"},\"image\":{\"@id\":\"https:\\\/\\\/csc-grande-bastide.com\\\/index.php\\\/mouvement-du-30-novembre-2022\\\/#primaryimage\"},\"thumbnailUrl\":\"https:\\\/\\\/csc-grande-bastide.com\\\/wp-content\\\/uploads\\\/2022\\\/11\\\/IMAGES-MISES-EN-AVANT-SITE-15.png\",\"datePublished\":\"2022-11-29T11:27:09+00:00\",\"dateModified\":\"2022-11-29T11:30:07+00:00\",\"breadcrumb\":{\"@id\":\"https:\\\/\\\/csc-grande-bastide.com\\\/index.php\\\/mouvement-du-30-novembre-2022\\\/#breadcrumb\"},\"inLanguage\":\"fr-FR\",\"potentialAction\":[{\"@type\":\"ReadAction\",\"target\":[\"https:\\\/\\\/csc-grande-bastide.com\\\/index.php\\\/mouvement-du-30-novembre-2022\\\/\"]}]},{\"@type\":\"ImageObject\",\"inLanguage\":\"fr-FR\",\"@id\":\"https:\\\/\\\/csc-grande-bastide.com\\\/index.php\\\/mouvement-du-30-novembre-2022\\\/#primaryimage\",\"url\":\"https:\\\/\\\/csc-grande-bastide.com\\\/wp-content\\\/uploads\\\/2022\\\/11\\\/IMAGES-MISES-EN-AVANT-SITE-15.png\",\"contentUrl\":\"https:\\\/\\\/csc-grande-bastide.com\\\/wp-content\\\/uploads\\\/2022\\\/11\\\/IMAGES-MISES-EN-AVANT-SITE-15.png\",\"width\":2000,\"height\":952},{\"@type\":\"BreadcrumbList\",\"@id\":\"https:\\\/\\\/csc-grande-bastide.com\\\/index.php\\\/mouvement-du-30-novembre-2022\\\/#breadcrumb\",\"itemListElement\":[{\"@type\":\"ListItem\",\"position\":1,\"name\":\"Accueil\",\"item\":\"https:\\\/\\\/csc-grande-bastide.com\\\/\"},{\"@type\":\"ListItem\",\"position\":2,\"name\":\"MOUVEMENT DU 30 NOVEMBRE 2022\"}]},{\"@type\":\"WebSite\",\"@id\":\"https:\\\/\\\/csc-grande-bastide.com\\\/#website\",\"url\":\"https:\\\/\\\/csc-grande-bastide.com\\\/\",\"name\":\"&quot;La Grande Bastide&quot;\",\"description\":\"Centre Social et Culturel \u00e0 Aix-en-Provence\",\"publisher\":{\"@id\":\"https:\\\/\\\/csc-grande-bastide.com\\\/#organization\"},\"potentialAction\":[{\"@type\":\"SearchAction\",\"target\":{\"@type\":\"EntryPoint\",\"urlTemplate\":\"https:\\\/\\\/csc-grande-bastide.com\\\/?s={search_term_string}\"},\"query-input\":{\"@type\":\"PropertyValueSpecification\",\"valueRequired\":true,\"valueName\":\"search_term_string\"}}],\"inLanguage\":\"fr-FR\"},{\"@type\":\"Organization\",\"@id\":\"https:\\\/\\\/csc-grande-bastide.com\\\/#organization\",\"name\":\"&quot;La Grande Bastide&quot;\",\"url\":\"https:\\\/\\\/csc-grande-bastide.com\\\/\",\"logo\":{\"@type\":\"ImageObject\",\"inLanguage\":\"fr-FR\",\"@id\":\"https:\\\/\\\/csc-grande-bastide.com\\\/#\\\/schema\\\/logo\\\/image\\\/\",\"url\":\"https:\\\/\\\/csc-grande-bastide.com\\\/wp-content\\\/uploads\\\/2023\\\/07\\\/cropped-Colorful-Books-Faux-OrganicAbstract-Media-Lifestyle-11-Static-Feed-Ad-1.png\",\"contentUrl\":\"https:\\\/\\\/csc-grande-bastide.com\\\/wp-content\\\/uploads\\\/2023\\\/07\\\/cropped-Colorful-Books-Faux-OrganicAbstract-Media-Lifestyle-11-Static-Feed-Ad-1.png\",\"width\":1079,\"height\":1079,\"caption\":\"&quot;La Grande Bastide&quot;\"},\"image\":{\"@id\":\"https:\\\/\\\/csc-grande-bastide.com\\\/#\\\/schema\\\/logo\\\/image\\\/\"}}]}<\/script>\n<!-- \/ Yoast SEO plugin. -->","yoast_head_json":{"title":"MOUVEMENT DU 30 NOVEMBRE 2022 - &quot;La Grande Bastide&quot;","robots":{"index":"index","follow":"follow","max-snippet":"max-snippet:-1","max-image-preview":"max-image-preview:large","max-video-preview":"max-video-preview:-1"},"canonical":"https:\/\/csc-grande-bastide.com\/index.php\/mouvement-du-30-novembre-2022\/","og_locale":"fr_FR","og_type":"article","og_title":"MOUVEMENT DU 30 NOVEMBRE 2022 - &quot;La Grande Bastide&quot;","og_description":"La prochaine convention cadre d\u00e9finissant les enjeux et les moyens des centres sociaux du d\u00e9partement pour les ann\u00e9es 2023-2027 est en cours de n\u00e9gociation en comit\u00e9 restreint, SANS NOUS, les principaux concern\u00e9s Les propositions qui sont pr\u00e9sent\u00e9es sont loin de r\u00e9pondre aux besoins r\u00e9els.Votre soutien serait un atout dans notre mobilisation pour obtenir le maintien [&hellip;]","og_url":"https:\/\/csc-grande-bastide.com\/index.php\/mouvement-du-30-novembre-2022\/","og_site_name":"&quot;La Grande Bastide&quot;","article_modified_time":"2022-11-29T11:30:07+00:00","og_image":[{"width":2000,"height":952,"url":"https:\/\/csc-grande-bastide.com\/wp-content\/uploads\/2022\/11\/IMAGES-MISES-EN-AVANT-SITE-15.png","type":"image\/png"}],"twitter_card":"summary_large_image","twitter_misc":{"Dur\u00e9e de lecture estim\u00e9e":"2 minutes"},"schema":{"@context":"https:\/\/schema.org","@graph":[{"@type":"WebPage","@id":"https:\/\/csc-grande-bastide.com\/index.php\/mouvement-du-30-novembre-2022\/","url":"https:\/\/csc-grande-bastide.com\/index.php\/mouvement-du-30-novembre-2022\/","name":"MOUVEMENT DU 30 NOVEMBRE 2022 - &quot;La Grande Bastide&quot;","isPartOf":{"@id":"https:\/\/csc-grande-bastide.com\/#website"},"primaryImageOfPage":{"@id":"https:\/\/csc-grande-bastide.com\/index.php\/mouvement-du-30-novembre-2022\/#primaryimage"},"image":{"@id":"https:\/\/csc-grande-bastide.com\/index.php\/mouvement-du-30-novembre-2022\/#primaryimage"},"thumbnailUrl":"https:\/\/csc-grande-bastide.com\/wp-content\/uploads\/2022\/11\/IMAGES-MISES-EN-AVANT-SITE-15.png","datePublished":"2022-11-29T11:27:09+00:00","dateModified":"2022-11-29T11:30:07+00:00","breadcrumb":{"@id":"https:\/\/csc-grande-bastide.com\/index.php\/mouvement-du-30-novembre-2022\/#breadcrumb"},"inLanguage":"fr-FR","potentialAction":[{"@type":"ReadAction","target":["https:\/\/csc-grande-bastide.com\/index.php\/mouvement-du-30-novembre-2022\/"]}]},{"@type":"ImageObject","inLanguage":"fr-FR","@id":"https:\/\/csc-grande-bastide.com\/index.php\/mouvement-du-30-novembre-2022\/#primaryimage","url":"https:\/\/csc-grande-bastide.com\/wp-content\/uploads\/2022\/11\/IMAGES-MISES-EN-AVANT-SITE-15.png","contentUrl":"https:\/\/csc-grande-bastide.com\/wp-content\/uploads\/2022\/11\/IMAGES-MISES-EN-AVANT-SITE-15.png","width":2000,"height":952},{"@type":"BreadcrumbList","@id":"https:\/\/csc-grande-bastide.com\/index.php\/mouvement-du-30-novembre-2022\/#breadcrumb","itemListElement":[{"@type":"ListItem","position":1,"name":"Accueil","item":"https:\/\/csc-grande-bastide.com\/"},{"@type":"ListItem","position":2,"name":"MOUVEMENT DU 30 NOVEMBRE 2022"}]},{"@type":"WebSite","@id":"https:\/\/csc-grande-bastide.com\/#website","url":"https:\/\/csc-grande-bastide.com\/","name":"&quot;La Grande Bastide&quot;","description":"Centre Social et Culturel \u00e0 Aix-en-Provence","publisher":{"@id":"https:\/\/csc-grande-bastide.com\/#organization"},"potentialAction":[{"@type":"SearchAction","target":{"@type":"EntryPoint","urlTemplate":"https:\/\/csc-grande-bastide.com\/?s={search_term_string}"},"query-input":{"@type":"PropertyValueSpecification","valueRequired":true,"valueName":"search_term_string"}}],"inLanguage":"fr-FR"},{"@type":"Organization","@id":"https:\/\/csc-grande-bastide.com\/#organization","name":"&quot;La Grande Bastide&quot;","url":"https:\/\/csc-grande-bastide.com\/","logo":{"@type":"ImageObject","inLanguage":"fr-FR","@id":"https:\/\/csc-grande-bastide.com\/#\/schema\/logo\/image\/","url":"https:\/\/csc-grande-bastide.com\/wp-content\/uploads\/2023\/07\/cropped-Colorful-Books-Faux-OrganicAbstract-Media-Lifestyle-11-Static-Feed-Ad-1.png","contentUrl":"https:\/\/csc-grande-bastide.com\/wp-content\/uploads\/2023\/07\/cropped-Colorful-Books-Faux-OrganicAbstract-Media-Lifestyle-11-Static-Feed-Ad-1.png","width":1079,"height":1079,"caption":"&quot;La Grande Bastide&quot;"},"image":{"@id":"https:\/\/csc-grande-bastide.com\/#\/schema\/logo\/image\/"}}]}},"jetpack_sharing_enabled":true,"_links":{"self":[{"href":"https:\/\/csc-grande-bastide.com\/index.php\/wp-json\/wp\/v2\/pages\/9772","targetHints":{"allow":["GET"]}}],"collection":[{"href":"https:\/\/csc-grande-bastide.com\/index.php\/wp-json\/wp\/v2\/pages"}],"about":[{"href":"https:\/\/csc-grande-bastide.com\/index.php\/wp-json\/wp\/v2\/types\/page"}],"author":[{"embeddable":true,"href":"https:\/\/csc-grande-bastide.com\/index.php\/wp-json\/wp\/v2\/users\/9"}],"replies":[{"embeddable":true,"href":"https:\/\/csc-grande-bastide.com\/index.php\/wp-json\/wp\/v2\/comments?post=9772"}],"version-history":[{"count":4,"href":"https:\/\/csc-grande-bastide.com\/index.php\/wp-json\/wp\/v2\/pages\/9772\/revisions"}],"predecessor-version":[{"id":9780,"href":"https:\/\/csc-grande-bastide.com\/index.php\/wp-json\/wp\/v2\/pages\/9772\/revisions\/9780"}],"wp:featuredmedia":[{"embeddable":true,"href":"https:\/\/csc-grande-bastide.com\/index.php\/wp-json\/wp\/v2\/media\/9775"}],"wp:attachment":[{"href":"https:\/\/csc-grande-bastide.com\/index.php\/wp-json\/wp\/v2\/media?parent=9772"}],"curies":[{"name":"wp","href":"https:\/\/api.w.org\/{rel}","templated":true}]}}