{"id":99,"date":"2019-08-31T18:28:34","date_gmt":"2019-08-31T16:28:34","guid":{"rendered":"http:\/\/cms.csc-grande-bastide.com\/?page_id=99"},"modified":"2023-09-11T16:48:06","modified_gmt":"2023-09-11T14:48:06","slug":"services-aux-parents","status":"publish","type":"page","link":"https:\/\/csc-grande-bastide.com\/index.php\/services-aux-parents\/","title":{"rendered":"Services aux parents"},"content":{"rendered":"\n<p class=\"has-text-align-center\" style=\"font-size:18px\"><em><span style=\"background-color:rgba(0, 0, 0, 0)\" class=\"has-inline-color has-black-color\">Les lundis, mardis, jeudis et vendredis en p\u00e9riode scolaire de <\/span><\/em><strong><span style=\"background-color:rgba(0, 0, 0, 0)\" class=\"has-inline-color has-black-color\"><em>16h30 \u00e0 18h30<\/em><\/span><\/strong> <em><span style=\"background-color:rgba(0, 0, 0, 0)\" class=\"has-inline-color has-black-color\">pour la maternelle et la primaire de l&rsquo;\u00e9cole du Val Saint Andr\u00e9.<\/span><\/em><\/p>\n\n\n\n<p class=\"has-text-align-center\" style=\"font-size:18px\"><em><span class=\"has-inline-color has-black-color\">Les animateurs r\u00e9cup\u00e8rent vos enfants dans l&rsquo;enceinte des \u00e9coles, leur font prendre le go\u00fbter, les aident \u00e0 faire leurs devoirs (lundi et jeudi) et proposent des activit\u00e9s sportives et manuelles.<\/span><\/em><\/p>\n\n\n\n<p class=\"has-text-align-center\" style=\"font-size:18px\"><a href=\"https:\/\/csc-grande-bastide.com\/index.php\/renseignements-pratiques\/\"><em>Renseignements pratiques pour l&rsquo;inscription<\/em><\/a><\/p>\n\n\n\n<p class=\"has-text-align-center\">&#8212;&#8212;&#8212;&#8212;&#8212;&#8212;&#8212;&#8212;&#8212;&#8212;&#8212;&#8212;&#8212;&#8212;&#8212;&#8212;&#8212;&#8212;&#8212;&#8212;&#8212;&#8212;&#8212;&#8212;&#8212;&#8212;&#8212;&#8212;&#8212;&#8212;&#8212;&#8212;&#8212;&#8212;&#8212;&#8212;&#8212;&#8212;&#8212;&#8212;&#8212;&#8212;&#8212;&#8211;<\/p>\n\n\n\n<h2 class=\"wp-block-heading has-text-align-center\"><code><em>Horaires et tarifs <\/em><\/code><\/h2>\n\n\n\n<p class=\"has-text-align-center\" style=\"font-size:18px\"><strong><span class=\"has-inline-color has-vivid-red-color\">Les lundis, mardis, jeudis et vendredis <\/span><\/strong><br><strong><span class=\"has-inline-color has-black-color\">de 16h30 \u00e0 18h30<\/span><\/strong><\/p>\n\n\n\n<p class=\"has-text-align-center\" style=\"font-size:18px\"><span style=\"background-color:rgba(0, 0, 0, 0)\" class=\"has-inline-color has-black-color\"><em><strong>De 28 \u20ac \u00e0 175 \u20ac par trimestre<\/strong><\/em> en fonction de la fr\u00e9quence et du quotient familial.<\/span><\/p>\n\n\n<div class=\"wp-block-image\">\n<figure class=\"aligncenter size-large\"><img fetchpriority=\"high\" decoding=\"async\" width=\"521\" height=\"620\" src=\"http:\/\/cms.csc-grande-bastide.com\/wp-content\/uploads\/2020\/02\/service-aux-parents.jpg\" alt=\"\" class=\"wp-image-312\" srcset=\"https:\/\/csc-grande-bastide.com\/wp-content\/uploads\/2020\/02\/service-aux-parents.jpg 521w, https:\/\/csc-grande-bastide.com\/wp-content\/uploads\/2020\/02\/service-aux-parents-252x300.jpg 252w\" sizes=\"(max-width: 521px) 100vw, 521px\" \/><\/figure>\n<\/div>\n\n<div class=\"wp-block-image\">\n<figure class=\"aligncenter size-large is-resized\"><img decoding=\"async\" src=\"https:\/\/csc-grande-bastide.com\/wp-content\/uploads\/2021\/04\/Green-Cylinder-Modern-Swiss-Education-Retractable-Exhibition-Banner-1-e1618392444222-1024x175.png\" alt=\"\" class=\"wp-image-2460\" style=\"width:544px;height:93px\" width=\"544\" height=\"93\" srcset=\"https:\/\/csc-grande-bastide.com\/wp-content\/uploads\/2021\/04\/Green-Cylinder-Modern-Swiss-Education-Retractable-Exhibition-Banner-1-e1618392444222-1024x175.png 1024w, https:\/\/csc-grande-bastide.com\/wp-content\/uploads\/2021\/04\/Green-Cylinder-Modern-Swiss-Education-Retractable-Exhibition-Banner-1-e1618392444222-300x51.png 300w, https:\/\/csc-grande-bastide.com\/wp-content\/uploads\/2021\/04\/Green-Cylinder-Modern-Swiss-Education-Retractable-Exhibition-Banner-1-e1618392444222-768x131.png 768w, https:\/\/csc-grande-bastide.com\/wp-content\/uploads\/2021\/04\/Green-Cylinder-Modern-Swiss-Education-Retractable-Exhibition-Banner-1-e1618392444222-1536x263.png 1536w, https:\/\/csc-grande-bastide.com\/wp-content\/uploads\/2021\/04\/Green-Cylinder-Modern-Swiss-Education-Retractable-Exhibition-Banner-1-e1618392444222-2048x350.png 2048w, https:\/\/csc-grande-bastide.com\/wp-content\/uploads\/2021\/04\/Green-Cylinder-Modern-Swiss-Education-Retractable-Exhibition-Banner-1-e1618392444222-600x103.png 600w\" sizes=\"(max-width: 544px) 100vw, 544px\" \/><\/figure>\n<\/div>","protected":false},"excerpt":{"rendered":"<p>Les lundis, mardis, jeudis et vendredis en p\u00e9riode scolaire de 16h30 \u00e0 18h30 pour la maternelle et la primaire de l&rsquo;\u00e9cole du Val Saint Andr\u00e9. Les animateurs r\u00e9cup\u00e8rent vos enfants dans l&rsquo;enceinte des \u00e9coles, leur font prendre le go\u00fbter, les aident \u00e0 faire leurs devoirs (lundi et jeudi) et proposent des activit\u00e9s sportives et manuelles. [&hellip;]<\/p>\n","protected":false},"author":1,"featured_media":0,"parent":0,"menu_order":0,"comment_status":"closed","ping_status":"closed","template":"","meta":{"footnotes":""},"class_list":["post-99","page","type-page","status-publish","hentry"],"yoast_head":"<!-- This site is optimized with the Yoast SEO plugin v27.4 - https:\/\/yoast.com\/product\/yoast-seo-wordpress\/ -->\n<title>Services aux parents - &quot;La Grande Bastide&quot;<\/title>\n<meta name=\"robots\" content=\"index, follow, max-snippet:-1, max-image-preview:large, max-video-preview:-1\" \/>\n<link rel=\"canonical\" href=\"https:\/\/csc-grande-bastide.com\/index.php\/services-aux-parents\/\" \/>\n<meta property=\"og:locale\" content=\"fr_FR\" \/>\n<meta property=\"og:type\" content=\"article\" \/>\n<meta property=\"og:title\" content=\"Services aux parents - &quot;La Grande Bastide&quot;\" \/>\n<meta property=\"og:description\" content=\"Les lundis, mardis, jeudis et vendredis en p\u00e9riode scolaire de 16h30 \u00e0 18h30 pour la maternelle et la primaire de l&rsquo;\u00e9cole du Val Saint Andr\u00e9. Les animateurs r\u00e9cup\u00e8rent vos enfants dans l&rsquo;enceinte des \u00e9coles, leur font prendre le go\u00fbter, les aident \u00e0 faire leurs devoirs (lundi et jeudi) et proposent des activit\u00e9s sportives et manuelles. [&hellip;]\" \/>\n<meta property=\"og:url\" content=\"https:\/\/csc-grande-bastide.com\/index.php\/services-aux-parents\/\" \/>\n<meta property=\"og:site_name\" content=\"&quot;La Grande Bastide&quot;\" \/>\n<meta property=\"article:modified_time\" content=\"2023-09-11T14:48:06+00:00\" \/>\n<meta property=\"og:image\" content=\"http:\/\/cms.csc-grande-bastide.com\/wp-content\/uploads\/2020\/02\/service-aux-parents.jpg\" \/>\n<meta name=\"twitter:card\" content=\"summary_large_image\" \/>\n<meta name=\"twitter:label1\" content=\"Dur\u00e9e de lecture estim\u00e9e\" \/>\n\t<meta name=\"twitter:data1\" content=\"1 minute\" \/>\n<script type=\"application\/ld+json\" class=\"yoast-schema-graph\">{\"@context\":\"https:\\\/\\\/schema.org\",\"@graph\":[{\"@type\":\"WebPage\",\"@id\":\"https:\\\/\\\/csc-grande-bastide.com\\\/index.php\\\/services-aux-parents\\\/\",\"url\":\"https:\\\/\\\/csc-grande-bastide.com\\\/index.php\\\/services-aux-parents\\\/\",\"name\":\"Services aux parents - &quot;La Grande Bastide&quot;\",\"isPartOf\":{\"@id\":\"https:\\\/\\\/csc-grande-bastide.com\\\/#website\"},\"primaryImageOfPage\":{\"@id\":\"https:\\\/\\\/csc-grande-bastide.com\\\/index.php\\\/services-aux-parents\\\/#primaryimage\"},\"image\":{\"@id\":\"https:\\\/\\\/csc-grande-bastide.com\\\/index.php\\\/services-aux-parents\\\/#primaryimage\"},\"thumbnailUrl\":\"http:\\\/\\\/cms.csc-grande-bastide.com\\\/wp-content\\\/uploads\\\/2020\\\/02\\\/service-aux-parents.jpg\",\"datePublished\":\"2019-08-31T16:28:34+00:00\",\"dateModified\":\"2023-09-11T14:48:06+00:00\",\"breadcrumb\":{\"@id\":\"https:\\\/\\\/csc-grande-bastide.com\\\/index.php\\\/services-aux-parents\\\/#breadcrumb\"},\"inLanguage\":\"fr-FR\",\"potentialAction\":[{\"@type\":\"ReadAction\",\"target\":[\"https:\\\/\\\/csc-grande-bastide.com\\\/index.php\\\/services-aux-parents\\\/\"]}]},{\"@type\":\"ImageObject\",\"inLanguage\":\"fr-FR\",\"@id\":\"https:\\\/\\\/csc-grande-bastide.com\\\/index.php\\\/services-aux-parents\\\/#primaryimage\",\"url\":\"http:\\\/\\\/cms.csc-grande-bastide.com\\\/wp-content\\\/uploads\\\/2020\\\/02\\\/service-aux-parents.jpg\",\"contentUrl\":\"http:\\\/\\\/cms.csc-grande-bastide.com\\\/wp-content\\\/uploads\\\/2020\\\/02\\\/service-aux-parents.jpg\"},{\"@type\":\"BreadcrumbList\",\"@id\":\"https:\\\/\\\/csc-grande-bastide.com\\\/index.php\\\/services-aux-parents\\\/#breadcrumb\",\"itemListElement\":[{\"@type\":\"ListItem\",\"position\":1,\"name\":\"Accueil\",\"item\":\"https:\\\/\\\/csc-grande-bastide.com\\\/\"},{\"@type\":\"ListItem\",\"position\":2,\"name\":\"Services aux parents\"}]},{\"@type\":\"WebSite\",\"@id\":\"https:\\\/\\\/csc-grande-bastide.com\\\/#website\",\"url\":\"https:\\\/\\\/csc-grande-bastide.com\\\/\",\"name\":\"&quot;La Grande Bastide&quot;\",\"description\":\"Centre Social et Culturel \u00e0 Aix-en-Provence\",\"publisher\":{\"@id\":\"https:\\\/\\\/csc-grande-bastide.com\\\/#organization\"},\"potentialAction\":[{\"@type\":\"SearchAction\",\"target\":{\"@type\":\"EntryPoint\",\"urlTemplate\":\"https:\\\/\\\/csc-grande-bastide.com\\\/?s={search_term_string}\"},\"query-input\":{\"@type\":\"PropertyValueSpecification\",\"valueRequired\":true,\"valueName\":\"search_term_string\"}}],\"inLanguage\":\"fr-FR\"},{\"@type\":\"Organization\",\"@id\":\"https:\\\/\\\/csc-grande-bastide.com\\\/#organization\",\"name\":\"&quot;La Grande Bastide&quot;\",\"url\":\"https:\\\/\\\/csc-grande-bastide.com\\\/\",\"logo\":{\"@type\":\"ImageObject\",\"inLanguage\":\"fr-FR\",\"@id\":\"https:\\\/\\\/csc-grande-bastide.com\\\/#\\\/schema\\\/logo\\\/image\\\/\",\"url\":\"https:\\\/\\\/csc-grande-bastide.com\\\/wp-content\\\/uploads\\\/2023\\\/07\\\/cropped-Colorful-Books-Faux-OrganicAbstract-Media-Lifestyle-11-Static-Feed-Ad-1.png\",\"contentUrl\":\"https:\\\/\\\/csc-grande-bastide.com\\\/wp-content\\\/uploads\\\/2023\\\/07\\\/cropped-Colorful-Books-Faux-OrganicAbstract-Media-Lifestyle-11-Static-Feed-Ad-1.png\",\"width\":1079,\"height\":1079,\"caption\":\"&quot;La Grande Bastide&quot;\"},\"image\":{\"@id\":\"https:\\\/\\\/csc-grande-bastide.com\\\/#\\\/schema\\\/logo\\\/image\\\/\"}}]}<\/script>\n<!-- \/ Yoast SEO plugin. -->","yoast_head_json":{"title":"Services aux parents - &quot;La Grande Bastide&quot;","robots":{"index":"index","follow":"follow","max-snippet":"max-snippet:-1","max-image-preview":"max-image-preview:large","max-video-preview":"max-video-preview:-1"},"canonical":"https:\/\/csc-grande-bastide.com\/index.php\/services-aux-parents\/","og_locale":"fr_FR","og_type":"article","og_title":"Services aux parents - &quot;La Grande Bastide&quot;","og_description":"Les lundis, mardis, jeudis et vendredis en p\u00e9riode scolaire de 16h30 \u00e0 18h30 pour la maternelle et la primaire de l&rsquo;\u00e9cole du Val Saint Andr\u00e9. Les animateurs r\u00e9cup\u00e8rent vos enfants dans l&rsquo;enceinte des \u00e9coles, leur font prendre le go\u00fbter, les aident \u00e0 faire leurs devoirs (lundi et jeudi) et proposent des activit\u00e9s sportives et manuelles. [&hellip;]","og_url":"https:\/\/csc-grande-bastide.com\/index.php\/services-aux-parents\/","og_site_name":"&quot;La Grande Bastide&quot;","article_modified_time":"2023-09-11T14:48:06+00:00","og_image":[{"url":"http:\/\/cms.csc-grande-bastide.com\/wp-content\/uploads\/2020\/02\/service-aux-parents.jpg","type":"","width":"","height":""}],"twitter_card":"summary_large_image","twitter_misc":{"Dur\u00e9e de lecture estim\u00e9e":"1 minute"},"schema":{"@context":"https:\/\/schema.org","@graph":[{"@type":"WebPage","@id":"https:\/\/csc-grande-bastide.com\/index.php\/services-aux-parents\/","url":"https:\/\/csc-grande-bastide.com\/index.php\/services-aux-parents\/","name":"Services aux parents - &quot;La Grande Bastide&quot;","isPartOf":{"@id":"https:\/\/csc-grande-bastide.com\/#website"},"primaryImageOfPage":{"@id":"https:\/\/csc-grande-bastide.com\/index.php\/services-aux-parents\/#primaryimage"},"image":{"@id":"https:\/\/csc-grande-bastide.com\/index.php\/services-aux-parents\/#primaryimage"},"thumbnailUrl":"http:\/\/cms.csc-grande-bastide.com\/wp-content\/uploads\/2020\/02\/service-aux-parents.jpg","datePublished":"2019-08-31T16:28:34+00:00","dateModified":"2023-09-11T14:48:06+00:00","breadcrumb":{"@id":"https:\/\/csc-grande-bastide.com\/index.php\/services-aux-parents\/#breadcrumb"},"inLanguage":"fr-FR","potentialAction":[{"@type":"ReadAction","target":["https:\/\/csc-grande-bastide.com\/index.php\/services-aux-parents\/"]}]},{"@type":"ImageObject","inLanguage":"fr-FR","@id":"https:\/\/csc-grande-bastide.com\/index.php\/services-aux-parents\/#primaryimage","url":"http:\/\/cms.csc-grande-bastide.com\/wp-content\/uploads\/2020\/02\/service-aux-parents.jpg","contentUrl":"http:\/\/cms.csc-grande-bastide.com\/wp-content\/uploads\/2020\/02\/service-aux-parents.jpg"},{"@type":"BreadcrumbList","@id":"https:\/\/csc-grande-bastide.com\/index.php\/services-aux-parents\/#breadcrumb","itemListElement":[{"@type":"ListItem","position":1,"name":"Accueil","item":"https:\/\/csc-grande-bastide.com\/"},{"@type":"ListItem","position":2,"name":"Services aux parents"}]},{"@type":"WebSite","@id":"https:\/\/csc-grande-bastide.com\/#website","url":"https:\/\/csc-grande-bastide.com\/","name":"&quot;La Grande Bastide&quot;","description":"Centre Social et Culturel \u00e0 Aix-en-Provence","publisher":{"@id":"https:\/\/csc-grande-bastide.com\/#organization"},"potentialAction":[{"@type":"SearchAction","target":{"@type":"EntryPoint","urlTemplate":"https:\/\/csc-grande-bastide.com\/?s={search_term_string}"},"query-input":{"@type":"PropertyValueSpecification","valueRequired":true,"valueName":"search_term_string"}}],"inLanguage":"fr-FR"},{"@type":"Organization","@id":"https:\/\/csc-grande-bastide.com\/#organization","name":"&quot;La Grande Bastide&quot;","url":"https:\/\/csc-grande-bastide.com\/","logo":{"@type":"ImageObject","inLanguage":"fr-FR","@id":"https:\/\/csc-grande-bastide.com\/#\/schema\/logo\/image\/","url":"https:\/\/csc-grande-bastide.com\/wp-content\/uploads\/2023\/07\/cropped-Colorful-Books-Faux-OrganicAbstract-Media-Lifestyle-11-Static-Feed-Ad-1.png","contentUrl":"https:\/\/csc-grande-bastide.com\/wp-content\/uploads\/2023\/07\/cropped-Colorful-Books-Faux-OrganicAbstract-Media-Lifestyle-11-Static-Feed-Ad-1.png","width":1079,"height":1079,"caption":"&quot;La Grande Bastide&quot;"},"image":{"@id":"https:\/\/csc-grande-bastide.com\/#\/schema\/logo\/image\/"}}]}},"jetpack_sharing_enabled":true,"_links":{"self":[{"href":"https:\/\/csc-grande-bastide.com\/index.php\/wp-json\/wp\/v2\/pages\/99","targetHints":{"allow":["GET"]}}],"collection":[{"href":"https:\/\/csc-grande-bastide.com\/index.php\/wp-json\/wp\/v2\/pages"}],"about":[{"href":"https:\/\/csc-grande-bastide.com\/index.php\/wp-json\/wp\/v2\/types\/page"}],"author":[{"embeddable":true,"href":"https:\/\/csc-grande-bastide.com\/index.php\/wp-json\/wp\/v2\/users\/1"}],"replies":[{"embeddable":true,"href":"https:\/\/csc-grande-bastide.com\/index.php\/wp-json\/wp\/v2\/comments?post=99"}],"version-history":[{"count":13,"href":"https:\/\/csc-grande-bastide.com\/index.php\/wp-json\/wp\/v2\/pages\/99\/revisions"}],"predecessor-version":[{"id":12561,"href":"https:\/\/csc-grande-bastide.com\/index.php\/wp-json\/wp\/v2\/pages\/99\/revisions\/12561"}],"wp:attachment":[{"href":"https:\/\/csc-grande-bastide.com\/index.php\/wp-json\/wp\/v2\/media?parent=99"}],"curies":[{"name":"wp","href":"https:\/\/api.w.org\/{rel}","templated":true}]}}