{"id":833,"date":"2020-07-22T11:21:34","date_gmt":"2020-07-22T09:21:34","guid":{"rendered":"https:\/\/csc-grande-bastide.com\/?post_type=product&#038;p=833"},"modified":"2023-02-03T22:49:26","modified_gmt":"2023-02-03T21:49:26","slug":"sac-enfant-petit-modele","status":"publish","type":"product","link":"https:\/\/csc-grande-bastide.com\/index.php\/produit\/sac-enfant-petit-modele\/","title":{"rendered":"Sac de rangement pour voiture &#8211; enfant petit mod\u00e8le"},"content":{"rendered":"<p><span style=\"font-weight: 400;\">Sac de rangement pour voiture lavable et r\u00e9utilisable<\/span><span style=\"font-weight: 400;\"><br \/>\n<\/span><span style=\"font-weight: 400;\">Couleur : Rouge \/ Jaune \/ Orange \/ Multicolore<\/span><span style=\"font-weight: 400;\"><br \/>\n<\/span><span style=\"font-weight: 400;\">Mod\u00e8le : Animal<\/span><span style=\"font-weight: 400;\"><br \/>\n<\/span><span style=\"font-weight: 400;\">Taille : 22.5 x 33 cm ~<br \/>\n<\/span><span style=\"font-weight: 400;\"><br \/>\n<\/span><span style=\"font-weight: 400;\"><strong>Fabrication artisanale<\/strong> et manuelle dans nos locaux. <\/span><span style=\"font-weight: 400;\"><br \/>\n<\/span><span style=\"font-weight: 400;\">Pr\u00e9serve l\u2019environnement et sensibilise les enfants d\u00e8s le plus jeune \u00e2ge \u00e0 la n\u00e9cessit\u00e9 <\/span><span style=\"font-weight: 400;\">de pr\u00e9server l\u2019environnement de mani\u00e8re ludique.<\/span><\/p>\n<p><span style=\"font-weight: 400;\">D\u00e9couvrez le sac de rangement pour voiture enfant <\/span><span style=\"font-weight: 400;\"><a href=\"https:\/\/csc-grande-bastide.com\/index.php\/produit\/sac-enfant-grand-modele\/\">grand mod\u00e8le<\/a> <\/span><span style=\"font-weight: 400;\">disponible en plusieurs coloris.<\/span><span style=\"font-weight: 400;\"><br \/>\n<\/span><span style=\"font-weight: 400;\">Il existe \u00e9galement le <\/span><a href=\"https:\/\/csc-grande-bastide.com\/index.php\/produit\/sac-classique-droit\/\"><span style=\"font-weight: 400;\">sac classique Net\u2019Auto<\/span><\/a><span style=\"font-weight: 400;\"> et le <\/span><a href=\"https:\/\/csc-grande-bastide.com\/index.php\/produit\/sac-classique-evase\/\"><span style=\"font-weight: 400;\">sac \u00e9vas\u00e9 Net\u2019Auto<\/span><\/a><span style=\"font-weight: 400;\">.<\/span><\/p>\n<p>&nbsp;<\/p>\n<h2><i><span style=\"font-weight: 400;\">Mode de paiement<\/span><\/i><\/h2>\n<p>&#8211;<strong> Virement bancaire<\/strong> :<br \/>\nRIB \u00e0 demander par mail \u00e0 csc.s.leyoudec@gmail.com<br \/>\n&#8211; <strong>Par ch\u00e8que<\/strong> :<br \/>\nOrdre du ch\u00e8que : Centre Social et Culturel La Grande Bastide<br \/>\nVoie postale : csc \u00ab\u00a0La Grande Bastide\u00a0\u00bb &#8211;<em> Avenue du Square, quartier du Val St Andr\u00e9, 13100 Aix-en-Pce<br \/>\n<\/em>&#8211; <strong>Esp\u00e8ce :\u00a0<\/strong><br \/>\nDirectement \u00e0 l&rsquo;accueil du Centre Social<\/p>\n<p>&nbsp;<\/p>\n<h2><i><span style=\"font-weight: 400;\">Mode d\u2019emploi\u00a0<\/span><\/i><\/h2>\n<p><span style=\"font-weight: 400;\">Le<strong> sac de rangement<\/strong> pour enfant Net\u2019Auto s&rsquo;accroche \u00e0 l\u2019appui t\u00eate, gr\u00e2ce \u00e0 une sangle reli\u00e9e \u00e0 une boucle d\u2019attache rapide.\u00a0<\/span><\/p>\n<p><span style=\"font-weight: 400;\">Le <strong>sac poubelle de voiture<\/strong> classique Net\u2019Auto se place tr\u00e8s simplement autour de votre levier de vitesse. <\/span><span style=\"font-weight: 400;\"><br \/>\n<\/span><span style=\"font-weight: 400;\">Tr\u00e8s l\u00e9ger, il ne g\u00eanera en aucun cas votre conduite.<\/span><\/p>\n<p>&nbsp;<\/p>\n<h2><i><span style=\"font-weight: 400;\">Conseil d\u2019entretien<\/span><\/i><span style=\"font-weight: 400;\">\u00a0<\/span><\/h2>\n<p><span style=\"font-weight: 400;\">Nous vous recommandons de laver les sacs Net\u2019 Auto \u00e0 la machine \u00e0 laver \u00e0 30\u00b0 pour un lavage d\u00e9licat et efficace.<\/span><\/p>\n<p>&nbsp;<\/p>\n<h2><i><span style=\"font-weight: 400;\">A propos de Net\u2019auto\u2026<\/span><\/i><span style=\"font-weight: 400;\">\u00a0<\/span><\/h2>\n<p><b>Ce concept<\/b><span style=\"font-weight: 400;\"> a \u00e9t\u00e9 pens\u00e9 et d\u00e9velopp\u00e9 au Br\u00e9sil, o\u00f9 son utilisation est d\u00e9j\u00e0 tr\u00e8s r\u00e9pandue. En France, l\u2019id\u00e9e a germ\u00e9 sous l\u2019\u00e9gide du centre social et culturel <\/span><i><span style=\"font-weight: 400;\">La Grande Bastide<\/span><\/i><span style=\"font-weight: 400;\"> \u00e0 Aix-en-Provence.<\/span><\/p>\n<p><span style=\"font-weight: 400;\">Le projet est port\u00e9 par les<\/span><b> femmes du secteur famille du centre social<\/b><span style=\"font-weight: 400;\"> avec pour <\/span><b>objectifs<\/b><span style=\"font-weight: 400;\"> de contribuer \u00e0 la <\/span><b>cr\u00e9ation d\u2019emploi<\/b><span style=\"font-weight: 400;\"> dans le champ de l\u2019\u00e9conomie sociale et solidaire, mais \u00e9galement afin de lutter contre ce fl\u00e9au que repr\u00e9sente le rejet des d\u00e9chets dans la nature et sur les routes.<\/span><\/p>\n<p><span style=\"font-weight: 400;\">Pour votre information, il faut savoir que<\/span><b> 81 000 tonnes de d\u00e9chets<\/b><span style=\"font-weight: 400;\"> sont abandonn\u00e9s sur le bord des routes <\/span><b>tous les ans<\/b><span style=\"font-weight: 400;\"> . Pour contribuer \u00e0 r\u00e9duire cette abomination, nous proposons une gamme de produits qui s\u2019int\u00e8gre \u00e0 l\u2019int\u00e9rieur du v\u00e9hicule en vue de constituer un moyen pratique de se d\u00e9barrasser des d\u00e9chets.<\/span><\/p>\n<p><span style=\"font-weight: 400;\">Net\u2019auto est un sac lavable et r\u00e9utilisable visant \u00e0 r\u00e9colter tous types de d\u00e9tritus pr\u00e9sents dans votre v\u00e9hicule. Son c\u00f4t\u00e9 \u00e9cologique plaira au plus grand nombre sans oublier son c\u00f4t\u00e9 personnalisable. En effet, votre logo peut \u00eatre int\u00e9gr\u00e9.\u00a0<\/span><\/p>\n<p><span style=\"font-weight: 400;\">Le sac Net\u2019Auto est un produit <\/span><b>innovant<\/b><span style=\"font-weight: 400;\"> et <\/span><b>pratique<\/b><span style=\"font-weight: 400;\"> qui s\u2019inscrit dans la dynamique <\/span><b>\u00e9cologique <\/b><span style=\"font-weight: 400;\">actuelle. <\/span><i><span style=\"font-weight: 400;\">Pensez \u00e9colo, pensez Net\u2019Auto.<\/span><\/i><i><span style=\"font-weight: 400;\"><br \/>\n<\/span><\/i><span style=\"font-weight: 400;\">Tous les sacs que nous produisons<\/span><b> sont fabriqu\u00e9s manuellement<\/b><span style=\"font-weight: 400;\">. Une attention toute particuli\u00e8re est port\u00e9e \u00e0 chaque sac, et en ce sens chaque sac est unique.<\/span><\/p>\n<p><span style=\"font-weight: 400;\">Le <\/span><b>sac r\u00e9utilisable Net\u2019Auto<\/b><span style=\"font-weight: 400;\"> existe en plusieurs coloris. Une version classique se disposant autour de votre levier de vitesse est \u00e9galement disponible, de quoi montrer l\u2019exemple en plus de sensibiliser vos bambins d\u00e8s le plus jeune \u00e2ge \u00e0 la<strong> pollution des routes<\/strong> et la <strong>protection de la nature<\/strong> tout en gardant votre voiture propre et joliment d\u00e9cor\u00e9e !<\/span><\/p>\n<p>&nbsp;<\/p>\n<h2><i><span style=\"font-weight: 400;\">Une question ?\u00a0<\/span><\/i><\/h2>\n<p><span style=\"font-weight: 400;\">Pour plus d\u2019informations sur nos produits NET\u2019AUTO n\u2019h\u00e9sitez pas \u00e0 nous contacter vias notre formulaire de contact, par mail (<\/span><a href=\"mailto:csc.contactgrandebastide@gmail.com\"><span style=\"font-weight: 400;\">csc.contactgrandebastide@gmail.com<\/span><\/a><span style=\"font-weight: 400;\">)\u00a0 ou par t\u00e9l\u00e9phone au 04.42.26.34.46.<\/span><\/p>\n","protected":false},"excerpt":{"rendered":"<p><span style=\"font-weight: 400;\">Sac de rangement pour voiture lavable et r\u00e9utilisable<br \/>\n<\/span><span style=\"font-weight: 400;\">Couleur : Rouge \/ Jaune \/ Orange \/ Multicolore<\/span><span style=\"font-weight: 400;\"><br \/>\n<\/span><span style=\"font-weight: 400;\">Mod\u00e8le : Animal<\/span><span style=\"font-weight: 400;\"><br \/>\n<\/span><span style=\"font-weight: 400;\">Taille : 22.5 x 33 cm ~<br \/>\n<\/span><span style=\"font-weight: 400;\"><br \/>\n<\/span><span style=\"font-weight: 400;\">Fabrication artisanale et manuelle dans nos locaux. <\/span><span style=\"font-weight: 400;\"><br \/>\n<\/span><span style=\"font-weight: 400;\">Pr\u00e9serve l\u2019environnement et sensibilise les enfants d\u00e8s le plus jeune \u00e2ge \u00e0 la n\u00e9cessit\u00e9 <\/span><span style=\"font-weight: 400;\">de pr\u00e9server l\u2019environnement de mani\u00e8re ludique.<\/span><\/p>\n","protected":false},"featured_media":5020,"comment_status":"open","ping_status":"closed","template":"","meta":[],"product_brand":[],"product_cat":[29],"product_tag":[],"class_list":{"0":"post-833","1":"product","2":"type-product","3":"status-publish","4":"has-post-thumbnail","6":"product_cat-sacs-de-recuperation-de-dechets","8":"first","9":"instock","10":"taxable","11":"shipping-taxable","12":"purchasable","13":"product-type-variable"},"yoast_head":"<!-- This site is optimized with the Yoast SEO plugin v27.3 - https:\/\/yoast.com\/product\/yoast-seo-wordpress\/ -->\n<title>Sac de rangement pour voiture - enfant petit mod\u00e8le - &quot;La Grande Bastide&quot;<\/title>\n<meta name=\"robots\" content=\"index, follow, max-snippet:-1, max-image-preview:large, max-video-preview:-1\" \/>\n<link rel=\"canonical\" href=\"https:\/\/csc-grande-bastide.com\/index.php\/produit\/sac-enfant-petit-modele\/\" \/>\n<meta property=\"og:locale\" content=\"fr_FR\" \/>\n<meta property=\"og:type\" content=\"article\" \/>\n<meta property=\"og:title\" content=\"Sac de rangement pour voiture - enfant petit mod\u00e8le - &quot;La Grande Bastide&quot;\" \/>\n<meta property=\"og:description\" content=\"Sac de rangement pour voiture lavable et r\u00e9utilisable Couleur : Rouge \/ Jaune \/ Orange \/ Multicolore Mod\u00e8le : Animal Taille : 22.5 x 33 cm ~  Fabrication artisanale et manuelle dans nos locaux.  Pr\u00e9serve l\u2019environnement et sensibilise les enfants d\u00e8s le plus jeune \u00e2ge \u00e0 la n\u00e9cessit\u00e9 de pr\u00e9server l\u2019environnement de mani\u00e8re ludique.\" \/>\n<meta property=\"og:url\" content=\"https:\/\/csc-grande-bastide.com\/index.php\/produit\/sac-enfant-petit-modele\/\" \/>\n<meta property=\"og:site_name\" content=\"&quot;La Grande Bastide&quot;\" \/>\n<meta property=\"article:modified_time\" content=\"2023-02-03T21:49:26+00:00\" \/>\n<meta property=\"og:image\" content=\"https:\/\/csc-grande-bastide.com\/wp-content\/uploads\/2021\/02\/Sac-Poubelle-en-tissu-Netauto-4.jpg\" \/>\n\t<meta property=\"og:image:width\" content=\"2000\" \/>\n\t<meta property=\"og:image:height\" content=\"2000\" \/>\n\t<meta property=\"og:image:type\" content=\"image\/jpeg\" \/>\n<meta name=\"twitter:card\" content=\"summary_large_image\" \/>\n<meta name=\"twitter:label1\" content=\"Dur\u00e9e de lecture estim\u00e9e\" \/>\n\t<meta name=\"twitter:data1\" content=\"3 minutes\" \/>\n<script type=\"application\/ld+json\" class=\"yoast-schema-graph\">{\"@context\":\"https:\\\/\\\/schema.org\",\"@graph\":[{\"@type\":\"WebPage\",\"@id\":\"https:\\\/\\\/csc-grande-bastide.com\\\/index.php\\\/produit\\\/sac-enfant-petit-modele\\\/\",\"url\":\"https:\\\/\\\/csc-grande-bastide.com\\\/index.php\\\/produit\\\/sac-enfant-petit-modele\\\/\",\"name\":\"Sac de rangement pour voiture - enfant petit mod\u00e8le - &quot;La Grande Bastide&quot;\",\"isPartOf\":{\"@id\":\"https:\\\/\\\/csc-grande-bastide.com\\\/#website\"},\"primaryImageOfPage\":{\"@id\":\"https:\\\/\\\/csc-grande-bastide.com\\\/index.php\\\/produit\\\/sac-enfant-petit-modele\\\/#primaryimage\"},\"image\":{\"@id\":\"https:\\\/\\\/csc-grande-bastide.com\\\/index.php\\\/produit\\\/sac-enfant-petit-modele\\\/#primaryimage\"},\"thumbnailUrl\":\"https:\\\/\\\/csc-grande-bastide.com\\\/wp-content\\\/uploads\\\/2021\\\/02\\\/Sac-Poubelle-en-tissu-Netauto-4.jpg\",\"datePublished\":\"2020-07-22T09:21:34+00:00\",\"dateModified\":\"2023-02-03T21:49:26+00:00\",\"breadcrumb\":{\"@id\":\"https:\\\/\\\/csc-grande-bastide.com\\\/index.php\\\/produit\\\/sac-enfant-petit-modele\\\/#breadcrumb\"},\"inLanguage\":\"fr-FR\",\"potentialAction\":[{\"@type\":\"ReadAction\",\"target\":[\"https:\\\/\\\/csc-grande-bastide.com\\\/index.php\\\/produit\\\/sac-enfant-petit-modele\\\/\"]}]},{\"@type\":\"ImageObject\",\"inLanguage\":\"fr-FR\",\"@id\":\"https:\\\/\\\/csc-grande-bastide.com\\\/index.php\\\/produit\\\/sac-enfant-petit-modele\\\/#primaryimage\",\"url\":\"https:\\\/\\\/csc-grande-bastide.com\\\/wp-content\\\/uploads\\\/2021\\\/02\\\/Sac-Poubelle-en-tissu-Netauto-4.jpg\",\"contentUrl\":\"https:\\\/\\\/csc-grande-bastide.com\\\/wp-content\\\/uploads\\\/2021\\\/02\\\/Sac-Poubelle-en-tissu-Netauto-4.jpg\",\"width\":2000,\"height\":2000},{\"@type\":\"BreadcrumbList\",\"@id\":\"https:\\\/\\\/csc-grande-bastide.com\\\/index.php\\\/produit\\\/sac-enfant-petit-modele\\\/#breadcrumb\",\"itemListElement\":[{\"@type\":\"ListItem\",\"position\":1,\"name\":\"Accueil\",\"item\":\"https:\\\/\\\/csc-grande-bastide.com\\\/\"},{\"@type\":\"ListItem\",\"position\":2,\"name\":\"Produits\",\"item\":\"https:\\\/\\\/csc-grande-bastide.com\\\/index.php\\\/shop\\\/\"},{\"@type\":\"ListItem\",\"position\":3,\"name\":\"Sac de rangement pour voiture &#8211; enfant petit mod\u00e8le\"}]},{\"@type\":\"WebSite\",\"@id\":\"https:\\\/\\\/csc-grande-bastide.com\\\/#website\",\"url\":\"https:\\\/\\\/csc-grande-bastide.com\\\/\",\"name\":\"&quot;La Grande Bastide&quot;\",\"description\":\"Centre Social et Culturel \u00e0 Aix-en-Provence\",\"publisher\":{\"@id\":\"https:\\\/\\\/csc-grande-bastide.com\\\/#organization\"},\"potentialAction\":[{\"@type\":\"SearchAction\",\"target\":{\"@type\":\"EntryPoint\",\"urlTemplate\":\"https:\\\/\\\/csc-grande-bastide.com\\\/?s={search_term_string}\"},\"query-input\":{\"@type\":\"PropertyValueSpecification\",\"valueRequired\":true,\"valueName\":\"search_term_string\"}}],\"inLanguage\":\"fr-FR\"},{\"@type\":\"Organization\",\"@id\":\"https:\\\/\\\/csc-grande-bastide.com\\\/#organization\",\"name\":\"&quot;La Grande Bastide&quot;\",\"url\":\"https:\\\/\\\/csc-grande-bastide.com\\\/\",\"logo\":{\"@type\":\"ImageObject\",\"inLanguage\":\"fr-FR\",\"@id\":\"https:\\\/\\\/csc-grande-bastide.com\\\/#\\\/schema\\\/logo\\\/image\\\/\",\"url\":\"https:\\\/\\\/csc-grande-bastide.com\\\/wp-content\\\/uploads\\\/2023\\\/07\\\/cropped-Colorful-Books-Faux-OrganicAbstract-Media-Lifestyle-11-Static-Feed-Ad-1.png\",\"contentUrl\":\"https:\\\/\\\/csc-grande-bastide.com\\\/wp-content\\\/uploads\\\/2023\\\/07\\\/cropped-Colorful-Books-Faux-OrganicAbstract-Media-Lifestyle-11-Static-Feed-Ad-1.png\",\"width\":1079,\"height\":1079,\"caption\":\"&quot;La Grande Bastide&quot;\"},\"image\":{\"@id\":\"https:\\\/\\\/csc-grande-bastide.com\\\/#\\\/schema\\\/logo\\\/image\\\/\"}}]}<\/script>\n<!-- \/ Yoast SEO plugin. -->","yoast_head_json":{"title":"Sac de rangement pour voiture - enfant petit mod\u00e8le - &quot;La Grande Bastide&quot;","robots":{"index":"index","follow":"follow","max-snippet":"max-snippet:-1","max-image-preview":"max-image-preview:large","max-video-preview":"max-video-preview:-1"},"canonical":"https:\/\/csc-grande-bastide.com\/index.php\/produit\/sac-enfant-petit-modele\/","og_locale":"fr_FR","og_type":"article","og_title":"Sac de rangement pour voiture - enfant petit mod\u00e8le - &quot;La Grande Bastide&quot;","og_description":"Sac de rangement pour voiture lavable et r\u00e9utilisable Couleur : Rouge \/ Jaune \/ Orange \/ Multicolore Mod\u00e8le : Animal Taille : 22.5 x 33 cm ~  Fabrication artisanale et manuelle dans nos locaux.  Pr\u00e9serve l\u2019environnement et sensibilise les enfants d\u00e8s le plus jeune \u00e2ge \u00e0 la n\u00e9cessit\u00e9 de pr\u00e9server l\u2019environnement de mani\u00e8re ludique.","og_url":"https:\/\/csc-grande-bastide.com\/index.php\/produit\/sac-enfant-petit-modele\/","og_site_name":"&quot;La Grande Bastide&quot;","article_modified_time":"2023-02-03T21:49:26+00:00","og_image":[{"width":2000,"height":2000,"url":"https:\/\/csc-grande-bastide.com\/wp-content\/uploads\/2021\/02\/Sac-Poubelle-en-tissu-Netauto-4.jpg","type":"image\/jpeg"}],"twitter_card":"summary_large_image","twitter_misc":{"Dur\u00e9e de lecture estim\u00e9e":"3 minutes"},"schema":{"@context":"https:\/\/schema.org","@graph":[{"@type":"WebPage","@id":"https:\/\/csc-grande-bastide.com\/index.php\/produit\/sac-enfant-petit-modele\/","url":"https:\/\/csc-grande-bastide.com\/index.php\/produit\/sac-enfant-petit-modele\/","name":"Sac de rangement pour voiture - enfant petit mod\u00e8le - &quot;La Grande Bastide&quot;","isPartOf":{"@id":"https:\/\/csc-grande-bastide.com\/#website"},"primaryImageOfPage":{"@id":"https:\/\/csc-grande-bastide.com\/index.php\/produit\/sac-enfant-petit-modele\/#primaryimage"},"image":{"@id":"https:\/\/csc-grande-bastide.com\/index.php\/produit\/sac-enfant-petit-modele\/#primaryimage"},"thumbnailUrl":"https:\/\/csc-grande-bastide.com\/wp-content\/uploads\/2021\/02\/Sac-Poubelle-en-tissu-Netauto-4.jpg","datePublished":"2020-07-22T09:21:34+00:00","dateModified":"2023-02-03T21:49:26+00:00","breadcrumb":{"@id":"https:\/\/csc-grande-bastide.com\/index.php\/produit\/sac-enfant-petit-modele\/#breadcrumb"},"inLanguage":"fr-FR","potentialAction":[{"@type":"ReadAction","target":["https:\/\/csc-grande-bastide.com\/index.php\/produit\/sac-enfant-petit-modele\/"]}]},{"@type":"ImageObject","inLanguage":"fr-FR","@id":"https:\/\/csc-grande-bastide.com\/index.php\/produit\/sac-enfant-petit-modele\/#primaryimage","url":"https:\/\/csc-grande-bastide.com\/wp-content\/uploads\/2021\/02\/Sac-Poubelle-en-tissu-Netauto-4.jpg","contentUrl":"https:\/\/csc-grande-bastide.com\/wp-content\/uploads\/2021\/02\/Sac-Poubelle-en-tissu-Netauto-4.jpg","width":2000,"height":2000},{"@type":"BreadcrumbList","@id":"https:\/\/csc-grande-bastide.com\/index.php\/produit\/sac-enfant-petit-modele\/#breadcrumb","itemListElement":[{"@type":"ListItem","position":1,"name":"Accueil","item":"https:\/\/csc-grande-bastide.com\/"},{"@type":"ListItem","position":2,"name":"Produits","item":"https:\/\/csc-grande-bastide.com\/index.php\/shop\/"},{"@type":"ListItem","position":3,"name":"Sac de rangement pour voiture &#8211; enfant petit mod\u00e8le"}]},{"@type":"WebSite","@id":"https:\/\/csc-grande-bastide.com\/#website","url":"https:\/\/csc-grande-bastide.com\/","name":"&quot;La Grande Bastide&quot;","description":"Centre Social et Culturel \u00e0 Aix-en-Provence","publisher":{"@id":"https:\/\/csc-grande-bastide.com\/#organization"},"potentialAction":[{"@type":"SearchAction","target":{"@type":"EntryPoint","urlTemplate":"https:\/\/csc-grande-bastide.com\/?s={search_term_string}"},"query-input":{"@type":"PropertyValueSpecification","valueRequired":true,"valueName":"search_term_string"}}],"inLanguage":"fr-FR"},{"@type":"Organization","@id":"https:\/\/csc-grande-bastide.com\/#organization","name":"&quot;La Grande Bastide&quot;","url":"https:\/\/csc-grande-bastide.com\/","logo":{"@type":"ImageObject","inLanguage":"fr-FR","@id":"https:\/\/csc-grande-bastide.com\/#\/schema\/logo\/image\/","url":"https:\/\/csc-grande-bastide.com\/wp-content\/uploads\/2023\/07\/cropped-Colorful-Books-Faux-OrganicAbstract-Media-Lifestyle-11-Static-Feed-Ad-1.png","contentUrl":"https:\/\/csc-grande-bastide.com\/wp-content\/uploads\/2023\/07\/cropped-Colorful-Books-Faux-OrganicAbstract-Media-Lifestyle-11-Static-Feed-Ad-1.png","width":1079,"height":1079,"caption":"&quot;La Grande Bastide&quot;"},"image":{"@id":"https:\/\/csc-grande-bastide.com\/#\/schema\/logo\/image\/"}}]}},"jetpack_sharing_enabled":true,"_links":{"self":[{"href":"https:\/\/csc-grande-bastide.com\/index.php\/wp-json\/wp\/v2\/product\/833","targetHints":{"allow":["GET"]}}],"collection":[{"href":"https:\/\/csc-grande-bastide.com\/index.php\/wp-json\/wp\/v2\/product"}],"about":[{"href":"https:\/\/csc-grande-bastide.com\/index.php\/wp-json\/wp\/v2\/types\/product"}],"replies":[{"embeddable":true,"href":"https:\/\/csc-grande-bastide.com\/index.php\/wp-json\/wp\/v2\/comments?post=833"}],"wp:featuredmedia":[{"embeddable":true,"href":"https:\/\/csc-grande-bastide.com\/index.php\/wp-json\/wp\/v2\/media\/5020"}],"wp:attachment":[{"href":"https:\/\/csc-grande-bastide.com\/index.php\/wp-json\/wp\/v2\/media?parent=833"}],"wp:term":[{"taxonomy":"product_brand","embeddable":true,"href":"https:\/\/csc-grande-bastide.com\/index.php\/wp-json\/wp\/v2\/product_brand?post=833"},{"taxonomy":"product_cat","embeddable":true,"href":"https:\/\/csc-grande-bastide.com\/index.php\/wp-json\/wp\/v2\/product_cat?post=833"},{"taxonomy":"product_tag","embeddable":true,"href":"https:\/\/csc-grande-bastide.com\/index.php\/wp-json\/wp\/v2\/product_tag?post=833"}],"curies":[{"name":"wp","href":"https:\/\/api.w.org\/{rel}","templated":true}]}}